{"id":3995,"date":"2024-03-25T13:18:43","date_gmt":"2024-03-25T12:18:43","guid":{"rendered":"https:\/\/baz.pariver.com\/?page_id=3995"},"modified":"2024-04-25T10:46:21","modified_gmt":"2024-04-25T08:46:21","slug":"microdonaciones","status":"publish","type":"page","link":"https:\/\/baz.pariver.com\/index.php\/microdonaciones\/","title":{"rendered":"Microdonaciones"},"content":{"rendered":"\t\t<div data-elementor-type=\"wp-page\" data-elementor-id=\"3995\" class=\"elementor elementor-3995\" data-elementor-post-type=\"page\">\n\t\t\t\t<div class=\"elementor-element elementor-element-147db672 e-flex e-con-boxed wpr-particle-no wpr-jarallax-no wpr-parallax-no wpr-sticky-section-no e-con e-parent\" data-id=\"147db672\" data-element_type=\"container\">\n\t\t\t\t\t<div class=\"e-con-inner\">\n\t\t\t\t<div class=\"elementor-element elementor-element-642fd008 elementor-widget elementor-widget-text-editor\" data-id=\"642fd008\" data-element_type=\"widget\" data-widget_type=\"text-editor.default\">\n\t\t\t\t<div class=\"elementor-widget-container\">\n\t\t\t<style>\/*! elementor - v3.21.0 - 08-05-2024 *\/\n.elementor-widget-text-editor.elementor-drop-cap-view-stacked .elementor-drop-cap{background-color:#69727d;color:#fff}.elementor-widget-text-editor.elementor-drop-cap-view-framed .elementor-drop-cap{color:#69727d;border:3px solid;background-color:transparent}.elementor-widget-text-editor:not(.elementor-drop-cap-view-default) .elementor-drop-cap{margin-top:8px}.elementor-widget-text-editor:not(.elementor-drop-cap-view-default) .elementor-drop-cap-letter{width:1em;height:1em}.elementor-widget-text-editor .elementor-drop-cap{float:left;text-align:center;line-height:1;font-size:50px}.elementor-widget-text-editor .elementor-drop-cap-letter{display:inline-block}<\/style>\t\t\t\t<!-- wp:paragraph -->\n<p>\u00bfSab\u00edas que <strong>puedes<\/strong> <strong>colaborar<\/strong> con el Banco de Alimentos de Zaragoza <strong>por menos<\/strong> de lo que cuesta un <strong>caf\u00e9<\/strong> <strong>al mes<\/strong>? Pincha en el <strong>siguiente<\/strong> <strong>enlace<\/strong> y \u00fanete a <strong>nuestro<\/strong> <strong>grupo<\/strong>. \u00a1Si somos muchos, <strong>un<\/strong> <strong>euro<\/strong> <strong>al<\/strong> <strong>mes<\/strong> <strong>de<\/strong> <strong>cada<\/strong> <strong>uno<\/strong>, har\u00e1 que <strong>muchas<\/strong> <strong>personas<\/strong> <strong>tengan<\/strong> nuestra <strong>ayuda<\/strong>!. Para unirte al <strong>grupo<\/strong> pincha <a href=\"https:\/\/www.teaming.net\/bancodealimentosdezaragoza\">aqu\u00ed<\/a><\/p>\n<!-- \/wp:embed --><!-- wp:paragraph -->\n<p style=\"text-align: left;\">En\u00a0<a href=\"https:\/\/faqs.teaming.net\/es\/obtener-certificado-de-donaciones\/\" target=\"_blank\" rel=\"noreferrer noopener\">https:\/\/faqs.teaming.net\/es\/obtener-certificado-de-donaciones\/<\/a>\u00a0 tienes informaci\u00f3n de como obtener el certificado para desgravarte por estas donaciones.<\/p>\n<!-- \/wp:paragraph -->\t\t\t\t\t\t<\/div>\n\t\t\t\t<\/div>\n\t\t\t\t\t<\/div>\n\t\t\t\t<\/div>\n\t\t\t\t<\/div>\n\t\t","protected":false},"excerpt":{"rendered":"<p>\u00bfSab\u00edas que puedes colaborar con el Banco de Alimentos de Zaragoza por menos de lo que cuesta un caf\u00e9 al [&hellip;]<\/p>\n","protected":false},"author":1,"featured_media":0,"parent":0,"menu_order":0,"comment_status":"closed","ping_status":"closed","template":"","meta":{"site-sidebar-layout":"default","site-content-layout":"","ast-site-content-layout":"","site-content-style":"default","site-sidebar-style":"default","ast-global-header-display":"","ast-banner-title-visibility":"","ast-main-header-display":"","ast-hfb-above-header-display":"","ast-hfb-below-header-display":"","ast-hfb-mobile-header-display":"","site-post-title":"","ast-breadcrumbs-content":"","ast-featured-img":"","footer-sml-layout":"","theme-transparent-header-meta":"","adv-header-id-meta":"","stick-header-meta":"","header-above-stick-meta":"","header-main-stick-meta":"","header-below-stick-meta":"","astra-migrate-meta-layouts":"default","ast-page-background-enabled":"default","ast-page-background-meta":{"desktop":{"background-color":"var(--ast-global-color-4)","background-image":"","background-repeat":"repeat","background-position":"center center","background-size":"auto","background-attachment":"scroll","background-type":"","background-media":"","overlay-type":"","overlay-color":"","overlay-gradient":""},"tablet":{"background-color":"","background-image":"","background-repeat":"repeat","background-position":"center center","background-size":"auto","background-attachment":"scroll","background-type":"","background-media":"","overlay-type":"","overlay-color":"","overlay-gradient":""},"mobile":{"background-color":"","background-image":"","background-repeat":"repeat","background-position":"center center","background-size":"auto","background-attachment":"scroll","background-type":"","background-media":"","overlay-type":"","overlay-color":"","overlay-gradient":""}},"ast-content-background-meta":{"desktop":{"background-color":"var(--ast-global-color-5)","background-image":"","background-repeat":"repeat","background-position":"center center","background-size":"auto","background-attachment":"scroll","background-type":"","background-media":"","overlay-type":"","overlay-color":"","overlay-gradient":""},"tablet":{"background-color":"var(--ast-global-color-5)","background-image":"","background-repeat":"repeat","background-position":"center center","background-size":"auto","background-attachment":"scroll","background-type":"","background-media":"","overlay-type":"","overlay-color":"","overlay-gradient":""},"mobile":{"background-color":"var(--ast-global-color-5)","background-image":"","background-repeat":"repeat","background-position":"center center","background-size":"auto","background-attachment":"scroll","background-type":"","background-media":"","overlay-type":"","overlay-color":"","overlay-gradient":""}},"footnotes":""},"class_list":["post-3995","page","type-page","status-publish","hentry"],"yoast_head":"<!-- This site is optimized with the Yoast SEO plugin v22.6 - https:\/\/yoast.com\/wordpress\/plugins\/seo\/ -->\n<title>Microdonaciones - Fundacion Banco de Alimentos de Zaragoza<\/title>\n<meta name=\"description\" content=\"Ayuda al Banco de Alimentos de Zaragoza con microdonaciones mensuales. Por menos de lo que cuesta un caf\u00e9 al mes, puedes contribuir a mejorar la vida de muchas personas necesitadas. \u00danete a nuestro grupo y haz la diferencia. Adem\u00e1s, en el enlace proporcionado encontrar\u00e1s informaci\u00f3n sobre c\u00f3mo obtener un certificado para desgravarte por estas donaciones.\" \/>\n<meta name=\"robots\" content=\"index, follow, max-snippet:-1, max-image-preview:large, max-video-preview:-1\" \/>\n<link rel=\"canonical\" href=\"https:\/\/baz.pariver.com\/index.php\/microdonaciones\/\" \/>\n<meta property=\"og:locale\" content=\"es_ES\" \/>\n<meta property=\"og:type\" content=\"article\" \/>\n<meta property=\"og:title\" content=\"Microdonaciones - Fundacion Banco de Alimentos de Zaragoza\" \/>\n<meta property=\"og:description\" content=\"Ayuda al Banco de Alimentos de Zaragoza con microdonaciones mensuales. Por menos de lo que cuesta un caf\u00e9 al mes, puedes contribuir a mejorar la vida de muchas personas necesitadas. \u00danete a nuestro grupo y haz la diferencia. Adem\u00e1s, en el enlace proporcionado encontrar\u00e1s informaci\u00f3n sobre c\u00f3mo obtener un certificado para desgravarte por estas donaciones.\" \/>\n<meta property=\"og:url\" content=\"https:\/\/baz.pariver.com\/index.php\/microdonaciones\/\" \/>\n<meta property=\"og:site_name\" content=\"Fundacion Banco de Alimentos de Zaragoza\" \/>\n<meta property=\"article:publisher\" content=\"https:\/\/www.facebook.com\/BancoAlimentosZaragoza\" \/>\n<meta property=\"article:modified_time\" content=\"2024-04-25T08:46:21+00:00\" \/>\n<meta name=\"twitter:card\" content=\"summary_large_image\" \/>\n<meta name=\"twitter:site\" content=\"@b_alimentoszgz\" \/>\n<meta name=\"twitter:label1\" content=\"Tiempo de lectura\" \/>\n\t<meta name=\"twitter:data1\" content=\"1 minuto\" \/>\n<script type=\"application\/ld+json\" class=\"yoast-schema-graph\">{\"@context\":\"https:\/\/schema.org\",\"@graph\":[{\"@type\":\"WebPage\",\"@id\":\"https:\/\/baz.pariver.com\/index.php\/microdonaciones\/\",\"url\":\"https:\/\/baz.pariver.com\/index.php\/microdonaciones\/\",\"name\":\"Microdonaciones - Fundacion Banco de Alimentos de Zaragoza\",\"isPartOf\":{\"@id\":\"https:\/\/baz.pariver.com\/#website\"},\"datePublished\":\"2024-03-25T12:18:43+00:00\",\"dateModified\":\"2024-04-25T08:46:21+00:00\",\"description\":\"Ayuda al Banco de Alimentos de Zaragoza con microdonaciones mensuales. Por menos de lo que cuesta un caf\u00e9 al mes, puedes contribuir a mejorar la vida de muchas personas necesitadas. \u00danete a nuestro grupo y haz la diferencia. Adem\u00e1s, en el enlace proporcionado encontrar\u00e1s informaci\u00f3n sobre c\u00f3mo obtener un certificado para desgravarte por estas donaciones.\",\"breadcrumb\":{\"@id\":\"https:\/\/baz.pariver.com\/index.php\/microdonaciones\/#breadcrumb\"},\"inLanguage\":\"es\",\"potentialAction\":[{\"@type\":\"ReadAction\",\"target\":[\"https:\/\/baz.pariver.com\/index.php\/microdonaciones\/\"]}]},{\"@type\":\"BreadcrumbList\",\"@id\":\"https:\/\/baz.pariver.com\/index.php\/microdonaciones\/#breadcrumb\",\"itemListElement\":[{\"@type\":\"ListItem\",\"position\":1,\"name\":\"Portada\",\"item\":\"https:\/\/baz.pariver.com\/\"},{\"@type\":\"ListItem\",\"position\":2,\"name\":\"Microdonaciones\"}]},{\"@type\":\"WebSite\",\"@id\":\"https:\/\/baz.pariver.com\/#website\",\"url\":\"https:\/\/baz.pariver.com\/\",\"name\":\"Fundacion Banco de Alimentos de Zaragoza\",\"description\":\"Nos hace falta lo que a ti te sobra\",\"publisher\":{\"@id\":\"https:\/\/baz.pariver.com\/#organization\"},\"potentialAction\":[{\"@type\":\"SearchAction\",\"target\":{\"@type\":\"EntryPoint\",\"urlTemplate\":\"https:\/\/baz.pariver.com\/?s={search_term_string}\"},\"query-input\":\"required name=search_term_string\"}],\"inLanguage\":\"es\"},{\"@type\":\"Organization\",\"@id\":\"https:\/\/baz.pariver.com\/#organization\",\"name\":\"Fundacion Banco de Alimentos de Zaragoza\",\"url\":\"https:\/\/baz.pariver.com\/\",\"logo\":{\"@type\":\"ImageObject\",\"inLanguage\":\"es\",\"@id\":\"https:\/\/baz.pariver.com\/#\/schema\/logo\/image\/\",\"url\":\"https:\/\/baz.pariver.com\/wp-content\/uploads\/2024\/04\/banco-alimentos.png\",\"contentUrl\":\"https:\/\/baz.pariver.com\/wp-content\/uploads\/2024\/04\/banco-alimentos.png\",\"width\":303,\"height\":309,\"caption\":\"Fundacion Banco de Alimentos de Zaragoza\"},\"image\":{\"@id\":\"https:\/\/baz.pariver.com\/#\/schema\/logo\/image\/\"},\"sameAs\":[\"https:\/\/www.facebook.com\/BancoAlimentosZaragoza\",\"https:\/\/x.com\/b_alimentoszgz\",\"https:\/\/www.instagram.com\/b_alimentoszgz\/\",\"https:\/\/www.linkedin.com\/company\/fundacin-banco-de-alimentos-de-zaragoza\/\"]}]}<\/script>\n<!-- \/ Yoast SEO plugin. -->","yoast_head_json":{"title":"Microdonaciones - Fundacion Banco de Alimentos de Zaragoza","description":"Ayuda al Banco de Alimentos de Zaragoza con microdonaciones mensuales. Por menos de lo que cuesta un caf\u00e9 al mes, puedes contribuir a mejorar la vida de muchas personas necesitadas. \u00danete a nuestro grupo y haz la diferencia. Adem\u00e1s, en el enlace proporcionado encontrar\u00e1s informaci\u00f3n sobre c\u00f3mo obtener un certificado para desgravarte por estas donaciones.","robots":{"index":"index","follow":"follow","max-snippet":"max-snippet:-1","max-image-preview":"max-image-preview:large","max-video-preview":"max-video-preview:-1"},"canonical":"https:\/\/baz.pariver.com\/index.php\/microdonaciones\/","og_locale":"es_ES","og_type":"article","og_title":"Microdonaciones - Fundacion Banco de Alimentos de Zaragoza","og_description":"Ayuda al Banco de Alimentos de Zaragoza con microdonaciones mensuales. Por menos de lo que cuesta un caf\u00e9 al mes, puedes contribuir a mejorar la vida de muchas personas necesitadas. \u00danete a nuestro grupo y haz la diferencia. Adem\u00e1s, en el enlace proporcionado encontrar\u00e1s informaci\u00f3n sobre c\u00f3mo obtener un certificado para desgravarte por estas donaciones.","og_url":"https:\/\/baz.pariver.com\/index.php\/microdonaciones\/","og_site_name":"Fundacion Banco de Alimentos de Zaragoza","article_publisher":"https:\/\/www.facebook.com\/BancoAlimentosZaragoza","article_modified_time":"2024-04-25T08:46:21+00:00","twitter_card":"summary_large_image","twitter_site":"@b_alimentoszgz","twitter_misc":{"Tiempo de lectura":"1 minuto"},"schema":{"@context":"https:\/\/schema.org","@graph":[{"@type":"WebPage","@id":"https:\/\/baz.pariver.com\/index.php\/microdonaciones\/","url":"https:\/\/baz.pariver.com\/index.php\/microdonaciones\/","name":"Microdonaciones - Fundacion Banco de Alimentos de Zaragoza","isPartOf":{"@id":"https:\/\/baz.pariver.com\/#website"},"datePublished":"2024-03-25T12:18:43+00:00","dateModified":"2024-04-25T08:46:21+00:00","description":"Ayuda al Banco de Alimentos de Zaragoza con microdonaciones mensuales. Por menos de lo que cuesta un caf\u00e9 al mes, puedes contribuir a mejorar la vida de muchas personas necesitadas. \u00danete a nuestro grupo y haz la diferencia. Adem\u00e1s, en el enlace proporcionado encontrar\u00e1s informaci\u00f3n sobre c\u00f3mo obtener un certificado para desgravarte por estas donaciones.","breadcrumb":{"@id":"https:\/\/baz.pariver.com\/index.php\/microdonaciones\/#breadcrumb"},"inLanguage":"es","potentialAction":[{"@type":"ReadAction","target":["https:\/\/baz.pariver.com\/index.php\/microdonaciones\/"]}]},{"@type":"BreadcrumbList","@id":"https:\/\/baz.pariver.com\/index.php\/microdonaciones\/#breadcrumb","itemListElement":[{"@type":"ListItem","position":1,"name":"Portada","item":"https:\/\/baz.pariver.com\/"},{"@type":"ListItem","position":2,"name":"Microdonaciones"}]},{"@type":"WebSite","@id":"https:\/\/baz.pariver.com\/#website","url":"https:\/\/baz.pariver.com\/","name":"Fundacion Banco de Alimentos de Zaragoza","description":"Nos hace falta lo que a ti te sobra","publisher":{"@id":"https:\/\/baz.pariver.com\/#organization"},"potentialAction":[{"@type":"SearchAction","target":{"@type":"EntryPoint","urlTemplate":"https:\/\/baz.pariver.com\/?s={search_term_string}"},"query-input":"required name=search_term_string"}],"inLanguage":"es"},{"@type":"Organization","@id":"https:\/\/baz.pariver.com\/#organization","name":"Fundacion Banco de Alimentos de Zaragoza","url":"https:\/\/baz.pariver.com\/","logo":{"@type":"ImageObject","inLanguage":"es","@id":"https:\/\/baz.pariver.com\/#\/schema\/logo\/image\/","url":"https:\/\/baz.pariver.com\/wp-content\/uploads\/2024\/04\/banco-alimentos.png","contentUrl":"https:\/\/baz.pariver.com\/wp-content\/uploads\/2024\/04\/banco-alimentos.png","width":303,"height":309,"caption":"Fundacion Banco de Alimentos de Zaragoza"},"image":{"@id":"https:\/\/baz.pariver.com\/#\/schema\/logo\/image\/"},"sameAs":["https:\/\/www.facebook.com\/BancoAlimentosZaragoza","https:\/\/x.com\/b_alimentoszgz","https:\/\/www.instagram.com\/b_alimentoszgz\/","https:\/\/www.linkedin.com\/company\/fundacin-banco-de-alimentos-de-zaragoza\/"]}]}},"_links":{"self":[{"href":"https:\/\/baz.pariver.com\/index.php\/wp-json\/wp\/v2\/pages\/3995","targetHints":{"allow":["GET"]}}],"collection":[{"href":"https:\/\/baz.pariver.com\/index.php\/wp-json\/wp\/v2\/pages"}],"about":[{"href":"https:\/\/baz.pariver.com\/index.php\/wp-json\/wp\/v2\/types\/page"}],"author":[{"embeddable":true,"href":"https:\/\/baz.pariver.com\/index.php\/wp-json\/wp\/v2\/users\/1"}],"replies":[{"embeddable":true,"href":"https:\/\/baz.pariver.com\/index.php\/wp-json\/wp\/v2\/comments?post=3995"}],"version-history":[{"count":13,"href":"https:\/\/baz.pariver.com\/index.php\/wp-json\/wp\/v2\/pages\/3995\/revisions"}],"predecessor-version":[{"id":6220,"href":"https:\/\/baz.pariver.com\/index.php\/wp-json\/wp\/v2\/pages\/3995\/revisions\/6220"}],"wp:attachment":[{"href":"https:\/\/baz.pariver.com\/index.php\/wp-json\/wp\/v2\/media?parent=3995"}],"curies":[{"name":"wp","href":"https:\/\/api.w.org\/{rel}","templated":true}]}}