{"id":3810,"date":"2024-03-25T10:17:08","date_gmt":"2024-03-25T09:17:08","guid":{"rendered":"https:\/\/baz.pariver.com\/?page_id=3810"},"modified":"2024-04-25T10:20:12","modified_gmt":"2024-04-25T08:20:12","slug":"entidades-atendidas","status":"publish","type":"page","link":"https:\/\/baz.pariver.com\/index.php\/entidades-atendidas\/","title":{"rendered":"Entidades atendidas"},"content":{"rendered":"\t\t<div data-elementor-type=\"wp-page\" data-elementor-id=\"3810\" class=\"elementor elementor-3810\" data-elementor-post-type=\"page\">\n\t\t\t\t<div class=\"elementor-element elementor-element-3e4e2ad2 e-flex e-con-boxed wpr-particle-no wpr-jarallax-no wpr-parallax-no wpr-sticky-section-no e-con e-parent\" data-id=\"3e4e2ad2\" data-element_type=\"container\">\n\t\t\t\t\t<div class=\"e-con-inner\">\n\t\t\t\t<div class=\"elementor-element elementor-element-41a2a531 elementor-widget elementor-widget-text-editor\" data-id=\"41a2a531\" data-element_type=\"widget\" data-widget_type=\"text-editor.default\">\n\t\t\t\t<div class=\"elementor-widget-container\">\n\t\t\t<style>\/*! elementor - v3.21.0 - 08-05-2024 *\/\n.elementor-widget-text-editor.elementor-drop-cap-view-stacked .elementor-drop-cap{background-color:#69727d;color:#fff}.elementor-widget-text-editor.elementor-drop-cap-view-framed .elementor-drop-cap{color:#69727d;border:3px solid;background-color:transparent}.elementor-widget-text-editor:not(.elementor-drop-cap-view-default) .elementor-drop-cap{margin-top:8px}.elementor-widget-text-editor:not(.elementor-drop-cap-view-default) .elementor-drop-cap-letter{width:1em;height:1em}.elementor-widget-text-editor .elementor-drop-cap{float:left;text-align:center;line-height:1;font-size:50px}.elementor-widget-text-editor .elementor-drop-cap-letter{display:inline-block}<\/style>\t\t\t\t<p><strong><!-- wp:paragraph --><\/strong><\/p>\n<p><strong>Relaci\u00f3n de Entidades beneficiarias receptoras de alimentos en 2023:<\/strong><\/p>\n<p><!-- \/wp:paragraph --><!-- wp:paragraph --><\/p>\n<p>ADRA Actur<br \/>ADRA Gloria Domini<br \/>ADRA Zaragoza Sur (Torrero)<br \/>Asoc. C.A. Raices Andinas (Bolivia)<br \/>Asoc. Unidos por la Infancia de Touba<br \/>Asoci. Gambianos Sabi Kolomba en Aragon<br \/>Asociacion RETO a la Esperanza<br \/>Asociaci\u00f3n Africana Nueva Estrella<br \/>Asociaci\u00f3n Ainkaren<br \/>Asociaci\u00f3n Betel<br \/>Asociaci\u00f3n Centro Alba<br \/>Asociacion Civitas<br \/>Asociacion Comunidad de Nigerianos en Aragon ANCA<br \/>Asociaci\u00f3n Comunidad Saharaui en Arag\u00f3n (ACSA)<br \/>Asociaci\u00f3n de Africanos de Koina en Arag\u00f3n<br \/>Asociaci\u00f3n de ayuda Social y Cultural a Gambia<br \/>Asociaci\u00f3n de Ecuato-Guineanos en Aragon \u2013 ASOEGUIA Antonia Balboa Vicepresidenta<br \/>Asociaci\u00f3n de Hijos e Hijas Madre Africa<br \/>Asociaci\u00f3n de Mujeres Africanas Victoriosas<br \/>Asociaci\u00f3n de Mujeres Gitanas \u2018Las Lachis\u2019<br \/>Asociaci\u00f3n de Mujeres Gitanas de Arag\u00f3n \u2018Rom\u00ed Cal\u00ed\u2019<br \/>Asociaci\u00f3n de Promoci\u00f3n Gitana de Zaragoza<br \/>Asociaci\u00f3n Din\u00e1mica Camerunense de Zaragoza<br \/>Asociaci\u00f3n Diversidad Cultural El Camino<br \/>Asociaci\u00f3n Etnicas Favorables<br \/>Asociacion Familias Numerosas Arag\u00f3n \u20183 y m\u00e1s\u2019<br \/>Asociaci\u00f3n Fulbe Arag\u00f3n<br \/>Asociaci\u00f3n Gitana Los Marriles<br \/>Asociaci\u00f3n Kaolack Zaragoza<br \/>Asociaci\u00f3n la Buena Esperanza \u00c9pila<br \/>Asociaci\u00f3n Latinoamericana de Calatayud<br \/>Asociaci\u00f3n Mana<br \/>Asociaci\u00f3n Nueva Vida Zaragoza de Asambleas de Dios<br \/>Asociaci\u00f3n Red Madre Zaragoza<br \/>Asociaci\u00f3n Socio Cultural de Mujeres Africanas de Habla Inglesa en Arag\u00f3n<br \/>Asociaci\u00f3n Solidaria Wuli Bajakunda<br \/>Asociaci\u00f3n Solidariaonline<br \/>Ayuntamiento de Cuarte de Huerva<br \/>Banco de Alimentos de Huesca<br \/>Caritas Interparroquial de Calatayud<br \/>Carmelitas Descalzas de San Jos\u00e9 \u2013 Maluenda<br \/>Carmelitas Descalzas San Jos\u00e9<br \/>Casa Familiar Ntr Sra Angeles \u2013 HH FF Cruz Blanca<br \/>Centro de Solidaridad de Zaragoza \u2018Proyecto Hombre\u2019<br \/>Centro Recursos San Pablo \u2013 Parroquia San Pablo<br \/>Cofrad\u00eda de las Siete Palabras y de S. Juan Evangelista<br \/>Comunidad Chemin Neuf<br \/>Conferencia de S. Vicente de Pa\u00fal de Ejea<br \/>Congregaci\u00f3n Siervas de Jes\u00fas de la Caridad<br \/>Convento Pur\u00edsima Concepci\u00f3n de Borja \u2013 Concepcionistas Franciscanas<br \/>Convento Santa Clara (Monast. S. Sebasti\u00e1n) \u2013 CLARISAS Borja<br \/>Convento Santa M\u00f3nica<br \/>Cruz Roja Espa\u00f1ola Asamblea Local de Zaragoza<br \/>Delegacion Diocesana de Pastoral Gitana<br \/>FOPICASGE<br \/>Fraternidad Cristiana de Enfermos y Minusv\u00e1lidos<br \/>Fundaci\u00f3n Africana Subsahariana en Espa\u00f1a<br \/>Fundacion APIP-ACAM<br \/>Fundaci\u00f3n Carlos Sanz<br \/>Fundacion Cristiana Vision<br \/>Fundaci\u00f3n Cruz Blanca<br \/>Fundacion Hogar Residencia San Valero \u2013 H\u00edjar<br \/>Fundaci\u00f3n Hospital Almau<br \/>Fundaci\u00f3n Itaka Escolapios<br \/>Fundaci\u00f3n Los Pueyos \u2013 colegio<br \/>Fundaci\u00f3n P\u00e9rez de Gotor y Ntra.Sra. de Sancho Abarca<br \/>Fundaci\u00f3n Picarral<br \/>Fundaci\u00f3n Ram\u00f3n Rey Ardid<br \/>Fundaci\u00f3n Residencia Madre de Dios de Bego\u00f1a<br \/>Fundaci\u00f3n San Blas para personas sin hogar en Arag\u00f3n<br \/>Fundaci\u00f3n Virgen de la Ola de Pinseque<br \/>GOD\u2019S LOVE WORLD WIDE MISSION<br \/>Guarder\u00eda Parroquial Ntra Sra de la Rosa<br \/>Hermanas de la Congregaci\u00f3n de Marta y Mar\u00eda-Residencia N\u00aa S\u00aa Rodanas-\u00c9pila<br \/>Hermandad del Santo Refugio<br \/>Hermanitas Ancianos Desamparados \u2013 Hogar Santo Angel de Alca\u00f1iz<br \/>Hermanitas Ancianos Desamparados \u2013 Residencia Virgen de la Pe\u00f1a Calatayud<br \/>Hermanitas Ancianos Desamparados \u2018Hogar San Jos\u00e9\u2019<br \/>Hijas de la Caridad. Obra Social S. Vicente de Paul<br \/>Hogar Santa Mar\u00eda la Mayor (Hermanitas Ancianos Desamparados) \u2013 Caspe<br \/>Iglesia Casa de Oraci\u00f3n Jehova Reina Zaragoza<br \/>Iglesia Cristiana Redimida de Dios<br \/>Iglesia Evangelica Alianza de la Fe<br \/>Iglesia Evang\u00e9lica Betel<br \/>Iglesia Evang\u00e9lica de Dios en el Avivamiento<br \/>Iglesia Ministerio Hechos de los Ap\u00f3stoles<br \/>Iglesia Pentecostal la Senda Antigua de Espa\u00f1a<br \/>Iglesia Pentecostal Unida de Arag\u00f3n, Tabern\u00e1culo de Adoraci\u00f3n y Vida<br \/>Iglesia Pentecostal Unida en Europa<br \/>Junta Vecinal Cartuja Baja (Ayuntamiento) Asociaci\u00f3n Cartusala<br \/>Kingdom of God Fundation Ministry<br \/>La Mano que Ayuda<br \/>Misi\u00f3n Evang\u00e9lica Urbana de Zaragoza<br \/>Misioneras Eucar\u00edsticas de Nazaret<br \/>Misioneras Nuestra Sra del Pilar y Santiago Ap\u00f3stol<br \/>Monasterio de Concepcionistas Franciscanas<br \/>Monasterio de San Jorge \u2013 Hnas. Clarisas<br \/>Monasterio Santa Mar\u00eda del Pilar (Concepcionistas Franciscanas)<br \/>Monasterio Sto. Domingo de Guzman \u2013 Hnas. Dominicas<br \/>Movimiento Misionero Mundial<br \/>Mucha VIHda<br \/>Obra Social y Cultural Sope\u00f1a<br \/>OZANAM Torre Virreina<br \/>Parroquia Coronaci\u00f3n de la Virgen<br \/>Parroquia de la Asunci\u00f3n de Ntra. Sra.<br \/>Parroquia de Ntra. Sra. Del Rosario \u2013 Zaragoza<br \/>Parroquia de San Braulio<br \/>Parroquia Jes\u00fas Maestro<br \/>Parroquia N\u00aa S\u00aa de La Paz<br \/>Parroquia N\u00aa S\u00aa de Nazaret<br \/>Parroquia Ntra. Sra. de la Asunci\u00f3n \u2013 La Almunia<br \/>Parroquia Ntra. Sra. Del Carmen \u2013 Obra Social<br \/>Parroquia Sagrado Coraz\u00f3n<br \/>Parroquia San Francisco de Asis \u2013 Lumpiaque<br \/>Parroquia San Juan de la Cruz<br \/>Parroquia San Juan Evangelista \u2013 Plasencia de Jalon<br \/>Parroquia San Mateo Ap\u00f3stol \u2013 S. Mateo de G\u00e1llego<br \/>Parroquia San Pedro Ap\u00f3stol<br \/>Parroquia San Pedro Arbu\u00e9s<br \/>Parroquia San Vicente de Paul<br \/>Parroquia San Vicente Martir<br \/>Parroquia Santa Engracia<br \/>Parroquia Santa Mar\u00eda (Tauste)<br \/>Parroquia Santa Mar\u00eda La Mayor de Epila<br \/>Parroquia Santa Rita de Casia<br \/>Patronato Nuestra Se\u00f1ora de los Dolores<br \/>Red Aragonesa de Entidades Sociales Inclusion<br \/>Religiosas Adoratrices Esclavas del Stmo y de la Caridad<br \/>Religiosas Clarisas Capuchinas de Caspe<br \/>REMAR-Asociacion Rehabilitaci\u00f3n de Marginados<br \/>Residencia Ancianos N\u00aa Sra Portillo<br \/>Residencia de Ancianos Fundaci\u00f3n ARUEJ de Luesia<br \/>Residencia de ancianos Misioneras de Ntra. Sra. del Pilar<br \/>Residencia de Ancianos \u2018Pablo Herraez y Esposa\u2019<br \/>Residencia de Ancianos \u2018Virgen de San Crist\u00f3bal\u2019 de Uncastillo<br \/>Residencia de Mayores Virgen de La Pardina<br \/>Residencia HH Caridad de Santa Ana<br \/>Residencia Jubilados N\u00aa Sra del Pilar \u2013 Ricla<br \/>Residencia San Felipe Neri (Hdad. de la Sopa)<br \/>Residencia Sta. Teresa (Caritas Diocesana)<br \/>Residencia y Centro de Dia CAI-Ozanam Oliver<br \/>Seminario Metropolitano de Zaragoza<br \/>Senderos de Justicia Spain<br \/>SERCADE ( Servicio Capuchino para el desarrollo y Solidaridad)<br \/>Siervas de Mar\u00eda Ministras de los Enfermos<br \/>Ymca Arag\u00f3n<br \/>Zaragoza Solidaria<\/p>\n<p><strong><!-- \/wp:paragraph --><\/strong><\/p>\t\t\t\t\t\t<\/div>\n\t\t\t\t<\/div>\n\t\t\t\t\t<\/div>\n\t\t\t\t<\/div>\n\t\t\t\t<\/div>\n\t\t","protected":false},"excerpt":{"rendered":"<p>Relaci\u00f3n de Entidades beneficiarias receptoras de alimentos en 2023: ADRA ActurADRA Gloria DominiADRA Zaragoza Sur (Torrero)Asoc. C.A. Raices Andinas (Bolivia)Asoc. [&hellip;]<\/p>\n","protected":false},"author":1,"featured_media":0,"parent":0,"menu_order":0,"comment_status":"closed","ping_status":"closed","template":"","meta":{"site-sidebar-layout":"default","site-content-layout":"","ast-site-content-layout":"","site-content-style":"default","site-sidebar-style":"default","ast-global-header-display":"","ast-banner-title-visibility":"","ast-main-header-display":"","ast-hfb-above-header-display":"","ast-hfb-below-header-display":"","ast-hfb-mobile-header-display":"","site-post-title":"","ast-breadcrumbs-content":"","ast-featured-img":"","footer-sml-layout":"","theme-transparent-header-meta":"","adv-header-id-meta":"","stick-header-meta":"","header-above-stick-meta":"","header-main-stick-meta":"","header-below-stick-meta":"","astra-migrate-meta-layouts":"default","ast-page-background-enabled":"default","ast-page-background-meta":{"desktop":{"background-color":"var(--ast-global-color-4)","background-image":"","background-repeat":"repeat","background-position":"center center","background-size":"auto","background-attachment":"scroll","background-type":"","background-media":"","overlay-type":"","overlay-color":"","overlay-gradient":""},"tablet":{"background-color":"","background-image":"","background-repeat":"repeat","background-position":"center center","background-size":"auto","background-attachment":"scroll","background-type":"","background-media":"","overlay-type":"","overlay-color":"","overlay-gradient":""},"mobile":{"background-color":"","background-image":"","background-repeat":"repeat","background-position":"center center","background-size":"auto","background-attachment":"scroll","background-type":"","background-media":"","overlay-type":"","overlay-color":"","overlay-gradient":""}},"ast-content-background-meta":{"desktop":{"background-color":"var(--ast-global-color-5)","background-image":"","background-repeat":"repeat","background-position":"center center","background-size":"auto","background-attachment":"scroll","background-type":"","background-media":"","overlay-type":"","overlay-color":"","overlay-gradient":""},"tablet":{"background-color":"var(--ast-global-color-5)","background-image":"","background-repeat":"repeat","background-position":"center center","background-size":"auto","background-attachment":"scroll","background-type":"","background-media":"","overlay-type":"","overlay-color":"","overlay-gradient":""},"mobile":{"background-color":"var(--ast-global-color-5)","background-image":"","background-repeat":"repeat","background-position":"center center","background-size":"auto","background-attachment":"scroll","background-type":"","background-media":"","overlay-type":"","overlay-color":"","overlay-gradient":""}},"footnotes":""},"class_list":["post-3810","page","type-page","status-publish","hentry"],"yoast_head":"<!-- This site is optimized with the Yoast SEO plugin v22.6 - https:\/\/yoast.com\/wordpress\/plugins\/seo\/ -->\n<title>Entidades atendidas - Fundacion Banco de Alimentos de Zaragoza<\/title>\n<meta name=\"description\" content=\"Conoce las diversas organizaciones y entidades sin \u00e1nimo de lucro en la provincia de Zaragoza que reciben alimentos del Banco de Alimentos para ayudar a personas y familias en situaci\u00f3n de vulnerabilidad. Descubre c\u00f3mo estas entidades trabajan para satisfacer las necesidades alimentarias de la comunidad local.\" \/>\n<meta name=\"robots\" content=\"index, follow, max-snippet:-1, max-image-preview:large, max-video-preview:-1\" \/>\n<link rel=\"canonical\" href=\"https:\/\/baz.pariver.com\/index.php\/entidades-atendidas\/\" \/>\n<meta property=\"og:locale\" content=\"es_ES\" \/>\n<meta property=\"og:type\" content=\"article\" \/>\n<meta property=\"og:title\" content=\"Entidades atendidas - Fundacion Banco de Alimentos de Zaragoza\" \/>\n<meta property=\"og:description\" content=\"Conoce las diversas organizaciones y entidades sin \u00e1nimo de lucro en la provincia de Zaragoza que reciben alimentos del Banco de Alimentos para ayudar a personas y familias en situaci\u00f3n de vulnerabilidad. Descubre c\u00f3mo estas entidades trabajan para satisfacer las necesidades alimentarias de la comunidad local.\" \/>\n<meta property=\"og:url\" content=\"https:\/\/baz.pariver.com\/index.php\/entidades-atendidas\/\" \/>\n<meta property=\"og:site_name\" content=\"Fundacion Banco de Alimentos de Zaragoza\" \/>\n<meta property=\"article:publisher\" content=\"https:\/\/www.facebook.com\/BancoAlimentosZaragoza\" \/>\n<meta property=\"article:modified_time\" content=\"2024-04-25T08:20:12+00:00\" \/>\n<meta name=\"twitter:card\" content=\"summary_large_image\" \/>\n<meta name=\"twitter:site\" content=\"@b_alimentoszgz\" \/>\n<meta name=\"twitter:label1\" content=\"Tiempo de lectura\" \/>\n\t<meta name=\"twitter:data1\" content=\"4 minutos\" \/>\n<script type=\"application\/ld+json\" class=\"yoast-schema-graph\">{\"@context\":\"https:\/\/schema.org\",\"@graph\":[{\"@type\":\"WebPage\",\"@id\":\"https:\/\/baz.pariver.com\/index.php\/entidades-atendidas\/\",\"url\":\"https:\/\/baz.pariver.com\/index.php\/entidades-atendidas\/\",\"name\":\"Entidades atendidas - Fundacion Banco de Alimentos de Zaragoza\",\"isPartOf\":{\"@id\":\"https:\/\/baz.pariver.com\/#website\"},\"datePublished\":\"2024-03-25T09:17:08+00:00\",\"dateModified\":\"2024-04-25T08:20:12+00:00\",\"description\":\"Conoce las diversas organizaciones y entidades sin \u00e1nimo de lucro en la provincia de Zaragoza que reciben alimentos del Banco de Alimentos para ayudar a personas y familias en situaci\u00f3n de vulnerabilidad. Descubre c\u00f3mo estas entidades trabajan para satisfacer las necesidades alimentarias de la comunidad local.\",\"breadcrumb\":{\"@id\":\"https:\/\/baz.pariver.com\/index.php\/entidades-atendidas\/#breadcrumb\"},\"inLanguage\":\"es\",\"potentialAction\":[{\"@type\":\"ReadAction\",\"target\":[\"https:\/\/baz.pariver.com\/index.php\/entidades-atendidas\/\"]}]},{\"@type\":\"BreadcrumbList\",\"@id\":\"https:\/\/baz.pariver.com\/index.php\/entidades-atendidas\/#breadcrumb\",\"itemListElement\":[{\"@type\":\"ListItem\",\"position\":1,\"name\":\"Portada\",\"item\":\"https:\/\/baz.pariver.com\/\"},{\"@type\":\"ListItem\",\"position\":2,\"name\":\"Entidades atendidas\"}]},{\"@type\":\"WebSite\",\"@id\":\"https:\/\/baz.pariver.com\/#website\",\"url\":\"https:\/\/baz.pariver.com\/\",\"name\":\"Fundacion Banco de Alimentos de Zaragoza\",\"description\":\"Nos hace falta lo que a ti te sobra\",\"publisher\":{\"@id\":\"https:\/\/baz.pariver.com\/#organization\"},\"potentialAction\":[{\"@type\":\"SearchAction\",\"target\":{\"@type\":\"EntryPoint\",\"urlTemplate\":\"https:\/\/baz.pariver.com\/?s={search_term_string}\"},\"query-input\":\"required name=search_term_string\"}],\"inLanguage\":\"es\"},{\"@type\":\"Organization\",\"@id\":\"https:\/\/baz.pariver.com\/#organization\",\"name\":\"Fundacion Banco de Alimentos de Zaragoza\",\"url\":\"https:\/\/baz.pariver.com\/\",\"logo\":{\"@type\":\"ImageObject\",\"inLanguage\":\"es\",\"@id\":\"https:\/\/baz.pariver.com\/#\/schema\/logo\/image\/\",\"url\":\"https:\/\/baz.pariver.com\/wp-content\/uploads\/2024\/04\/banco-alimentos.png\",\"contentUrl\":\"https:\/\/baz.pariver.com\/wp-content\/uploads\/2024\/04\/banco-alimentos.png\",\"width\":303,\"height\":309,\"caption\":\"Fundacion Banco de Alimentos de Zaragoza\"},\"image\":{\"@id\":\"https:\/\/baz.pariver.com\/#\/schema\/logo\/image\/\"},\"sameAs\":[\"https:\/\/www.facebook.com\/BancoAlimentosZaragoza\",\"https:\/\/x.com\/b_alimentoszgz\",\"https:\/\/www.instagram.com\/b_alimentoszgz\/\",\"https:\/\/www.linkedin.com\/company\/fundacin-banco-de-alimentos-de-zaragoza\/\"]}]}<\/script>\n<!-- \/ Yoast SEO plugin. -->","yoast_head_json":{"title":"Entidades atendidas - Fundacion Banco de Alimentos de Zaragoza","description":"Conoce las diversas organizaciones y entidades sin \u00e1nimo de lucro en la provincia de Zaragoza que reciben alimentos del Banco de Alimentos para ayudar a personas y familias en situaci\u00f3n de vulnerabilidad. Descubre c\u00f3mo estas entidades trabajan para satisfacer las necesidades alimentarias de la comunidad local.","robots":{"index":"index","follow":"follow","max-snippet":"max-snippet:-1","max-image-preview":"max-image-preview:large","max-video-preview":"max-video-preview:-1"},"canonical":"https:\/\/baz.pariver.com\/index.php\/entidades-atendidas\/","og_locale":"es_ES","og_type":"article","og_title":"Entidades atendidas - Fundacion Banco de Alimentos de Zaragoza","og_description":"Conoce las diversas organizaciones y entidades sin \u00e1nimo de lucro en la provincia de Zaragoza que reciben alimentos del Banco de Alimentos para ayudar a personas y familias en situaci\u00f3n de vulnerabilidad. Descubre c\u00f3mo estas entidades trabajan para satisfacer las necesidades alimentarias de la comunidad local.","og_url":"https:\/\/baz.pariver.com\/index.php\/entidades-atendidas\/","og_site_name":"Fundacion Banco de Alimentos de Zaragoza","article_publisher":"https:\/\/www.facebook.com\/BancoAlimentosZaragoza","article_modified_time":"2024-04-25T08:20:12+00:00","twitter_card":"summary_large_image","twitter_site":"@b_alimentoszgz","twitter_misc":{"Tiempo de lectura":"4 minutos"},"schema":{"@context":"https:\/\/schema.org","@graph":[{"@type":"WebPage","@id":"https:\/\/baz.pariver.com\/index.php\/entidades-atendidas\/","url":"https:\/\/baz.pariver.com\/index.php\/entidades-atendidas\/","name":"Entidades atendidas - Fundacion Banco de Alimentos de Zaragoza","isPartOf":{"@id":"https:\/\/baz.pariver.com\/#website"},"datePublished":"2024-03-25T09:17:08+00:00","dateModified":"2024-04-25T08:20:12+00:00","description":"Conoce las diversas organizaciones y entidades sin \u00e1nimo de lucro en la provincia de Zaragoza que reciben alimentos del Banco de Alimentos para ayudar a personas y familias en situaci\u00f3n de vulnerabilidad. Descubre c\u00f3mo estas entidades trabajan para satisfacer las necesidades alimentarias de la comunidad local.","breadcrumb":{"@id":"https:\/\/baz.pariver.com\/index.php\/entidades-atendidas\/#breadcrumb"},"inLanguage":"es","potentialAction":[{"@type":"ReadAction","target":["https:\/\/baz.pariver.com\/index.php\/entidades-atendidas\/"]}]},{"@type":"BreadcrumbList","@id":"https:\/\/baz.pariver.com\/index.php\/entidades-atendidas\/#breadcrumb","itemListElement":[{"@type":"ListItem","position":1,"name":"Portada","item":"https:\/\/baz.pariver.com\/"},{"@type":"ListItem","position":2,"name":"Entidades atendidas"}]},{"@type":"WebSite","@id":"https:\/\/baz.pariver.com\/#website","url":"https:\/\/baz.pariver.com\/","name":"Fundacion Banco de Alimentos de Zaragoza","description":"Nos hace falta lo que a ti te sobra","publisher":{"@id":"https:\/\/baz.pariver.com\/#organization"},"potentialAction":[{"@type":"SearchAction","target":{"@type":"EntryPoint","urlTemplate":"https:\/\/baz.pariver.com\/?s={search_term_string}"},"query-input":"required name=search_term_string"}],"inLanguage":"es"},{"@type":"Organization","@id":"https:\/\/baz.pariver.com\/#organization","name":"Fundacion Banco de Alimentos de Zaragoza","url":"https:\/\/baz.pariver.com\/","logo":{"@type":"ImageObject","inLanguage":"es","@id":"https:\/\/baz.pariver.com\/#\/schema\/logo\/image\/","url":"https:\/\/baz.pariver.com\/wp-content\/uploads\/2024\/04\/banco-alimentos.png","contentUrl":"https:\/\/baz.pariver.com\/wp-content\/uploads\/2024\/04\/banco-alimentos.png","width":303,"height":309,"caption":"Fundacion Banco de Alimentos de Zaragoza"},"image":{"@id":"https:\/\/baz.pariver.com\/#\/schema\/logo\/image\/"},"sameAs":["https:\/\/www.facebook.com\/BancoAlimentosZaragoza","https:\/\/x.com\/b_alimentoszgz","https:\/\/www.instagram.com\/b_alimentoszgz\/","https:\/\/www.linkedin.com\/company\/fundacin-banco-de-alimentos-de-zaragoza\/"]}]}},"_links":{"self":[{"href":"https:\/\/baz.pariver.com\/index.php\/wp-json\/wp\/v2\/pages\/3810","targetHints":{"allow":["GET"]}}],"collection":[{"href":"https:\/\/baz.pariver.com\/index.php\/wp-json\/wp\/v2\/pages"}],"about":[{"href":"https:\/\/baz.pariver.com\/index.php\/wp-json\/wp\/v2\/types\/page"}],"author":[{"embeddable":true,"href":"https:\/\/baz.pariver.com\/index.php\/wp-json\/wp\/v2\/users\/1"}],"replies":[{"embeddable":true,"href":"https:\/\/baz.pariver.com\/index.php\/wp-json\/wp\/v2\/comments?post=3810"}],"version-history":[{"count":7,"href":"https:\/\/baz.pariver.com\/index.php\/wp-json\/wp\/v2\/pages\/3810\/revisions"}],"predecessor-version":[{"id":6204,"href":"https:\/\/baz.pariver.com\/index.php\/wp-json\/wp\/v2\/pages\/3810\/revisions\/6204"}],"wp:attachment":[{"href":"https:\/\/baz.pariver.com\/index.php\/wp-json\/wp\/v2\/media?parent=3810"}],"curies":[{"name":"wp","href":"https:\/\/api.w.org\/{rel}","templated":true}]}}