{"id":3630,"date":"2024-03-22T13:54:58","date_gmt":"2024-03-22T12:54:58","guid":{"rendered":"https:\/\/baz.pariver.com\/?page_id=3630"},"modified":"2024-04-25T10:01:34","modified_gmt":"2024-04-25T08:01:34","slug":"organizacion","status":"publish","type":"page","link":"https:\/\/baz.pariver.com\/index.php\/organizacion\/","title":{"rendered":"Organizaci\u00f3n"},"content":{"rendered":"\t\t<div data-elementor-type=\"wp-page\" data-elementor-id=\"3630\" class=\"elementor elementor-3630\" data-elementor-post-type=\"page\">\n\t\t\t\t<div class=\"elementor-element elementor-element-6c20de52 e-flex e-con-boxed wpr-particle-no wpr-jarallax-no wpr-parallax-no wpr-sticky-section-no e-con e-parent\" data-id=\"6c20de52\" data-element_type=\"container\">\n\t\t\t\t\t<div class=\"e-con-inner\">\n\t\t\t\t<div class=\"elementor-element elementor-element-7e6e83bb elementor-widget elementor-widget-text-editor\" data-id=\"7e6e83bb\" data-element_type=\"widget\" data-widget_type=\"text-editor.default\">\n\t\t\t\t<div class=\"elementor-widget-container\">\n\t\t\t<style>\/*! elementor - v3.21.0 - 08-05-2024 *\/\n.elementor-widget-text-editor.elementor-drop-cap-view-stacked .elementor-drop-cap{background-color:#69727d;color:#fff}.elementor-widget-text-editor.elementor-drop-cap-view-framed .elementor-drop-cap{color:#69727d;border:3px solid;background-color:transparent}.elementor-widget-text-editor:not(.elementor-drop-cap-view-default) .elementor-drop-cap{margin-top:8px}.elementor-widget-text-editor:not(.elementor-drop-cap-view-default) .elementor-drop-cap-letter{width:1em;height:1em}.elementor-widget-text-editor .elementor-drop-cap{float:left;text-align:center;line-height:1;font-size:50px}.elementor-widget-text-editor .elementor-drop-cap-letter{display:inline-block}<\/style>\t\t\t\t<!-- wp:paragraph -->\n<p>Por ser una Fundaci\u00f3n, el Patronato es el \u00f3rgano rector que representa, gobierna y administra el Banco de Alimentos de Zaragoza.<\/p>\n<!-- \/wp:paragraph -->\n\n<!-- wp:paragraph -->\n<p>El patronato designa un Presidente, Vicepresidente y Secretario.<\/p>\n<!-- \/wp:paragraph -->\n\n<!-- wp:paragraph -->\n<p>A 1 de enero de 2024, el Patronato de la Fundaci\u00f3n Banco de Alimentos de Zaragoza est\u00e1 constituido por 12 patronos:<\/p>\n<!-- \/wp:paragraph -->\n\n<!-- wp:list -->\n<ul><!-- wp:list-item -->\n<li>D. JOS\u00c9 IGNACIO ALFARO XIM\u00c9NEZ (Presidente).<\/li>\n<!-- \/wp:list-item -->\n\n<!-- wp:list-item -->\n<li>D. ALBERTO GARC\u00cdA TEJEDOR (Vicepresidente).<\/li>\n<!-- \/wp:list-item -->\n\n<!-- wp:list-item -->\n<li>D\u00d1A. ELENA CASTIELLA MATEO (Secretaria)<\/li>\n<!-- \/wp:list-item -->\n\n<!-- wp:list-item -->\n<li>D\u00d1A. INMACULADA FELICES HERRERA.<\/li>\n<!-- \/wp:list-item -->\n\n<!-- wp:list-item -->\n<li>D\u00d1A. ROSA MORENO CALDER\u00d3N.<\/li>\n<!-- \/wp:list-item -->\n\n<!-- wp:list-item -->\n<li>D. JAVIER SALINAS PU\u00c9RTOLAS.<\/li>\n<!-- \/wp:list-item -->\n\n<!-- wp:list-item -->\n<li>D. EDUARDO ARAG\u00dcES LAFARGA.<\/li>\n<!-- \/wp:list-item -->\n\n<!-- wp:list-item -->\n<li>D. FELIPE FERN\u00c1NDEZ-VICARIO CAVEDA.<\/li>\n<!-- \/wp:list-item -->\n\n<!-- wp:list-item -->\n<li>D. JOS\u00c9 MIGUEL S\u00c1NCHEZ MU\u00d1OZ<\/li>\n<!-- \/wp:list-item -->\n\n<!-- wp:list-item -->\n<li>D\u00d1A. CLARA ARPA AZOFRA&nbsp;<\/li>\n<!-- \/wp:list-item -->\n\n<!-- wp:list-item -->\n<li>D. SANTIAGO RIVAS ANDR\u00c9S<\/li>\n<!-- \/wp:list-item -->\n\n<!-- wp:list-item -->\n<li>D. JOS\u00c9 RAM\u00d3N COLELL FARRE<\/li>\n<!-- \/wp:list-item --><\/ul>\n<!-- \/wp:list -->\n\n<!-- wp:paragraph -->\n<p>El Banco cuenta en total con unos 135 voluntarios que desempe\u00f1an distintas labores, en los diferentes departamentos del banco, organizado seg\u00fan este organigrama:<\/p>\n<!-- \/wp:paragraph -->\t\t\t\t\t\t<\/div>\n\t\t\t\t<\/div>\n\t\t\t\t<div class=\"elementor-element elementor-element-49318cf elementor-hidden-desktop elementor-hidden-tablet elementor-widget elementor-widget-premium-addon-image-button\" data-id=\"49318cf\" data-element_type=\"widget\" data-widget_type=\"premium-addon-image-button.default\">\n\t\t\t\t<div class=\"elementor-widget-container\">\n\t\t\t\r\n\t\t<a class=\"premium-image-button-none premium-image-button premium-btn-lg premium-image-button-none\" href=\"https:\/\/baz.pariver.com\/wp-content\/uploads\/2024\/03\/Organigrama-general-2024-v1-para-web.png\">\r\n\t\t\t<div class=\"premium-image-button-text-icon-wrapper\">\r\n\t\t\t\t\r\n\t\t\t\t\t\t\t\t\t<span >\r\n\t\t\t\t\t\tVer organigrama 2024\t\t\t\t\t<\/span>\r\n\t\t\t\t\r\n\t\t\t\t\t\t\t<\/div>\r\n\r\n\t\t\t\r\n\t\t\t\r\n\t\t\t\r\n\t\t<\/a>\r\n\r\n\t\t\t\t<\/div>\n\t\t\t\t<\/div>\n\t\t\t\t\t<\/div>\n\t\t\t\t<\/div>\n\t\t<div class=\"elementor-element elementor-element-272d045 e-flex e-con-boxed wpr-particle-no wpr-jarallax-no wpr-parallax-no wpr-sticky-section-no e-con e-parent\" data-id=\"272d045\" data-element_type=\"container\">\n\t\t\t\t\t<div class=\"e-con-inner\">\n\t\t\t\t<div class=\"elementor-element elementor-element-20d1c75 elementor-hidden-mobile elementor-widget elementor-widget-image\" data-id=\"20d1c75\" data-element_type=\"widget\" data-widget_type=\"image.default\">\n\t\t\t\t<div class=\"elementor-widget-container\">\n\t\t\t<style>\/*! elementor - v3.21.0 - 08-05-2024 *\/\n.elementor-widget-image{text-align:center}.elementor-widget-image a{display:inline-block}.elementor-widget-image a img[src$=\".svg\"]{width:48px}.elementor-widget-image img{vertical-align:middle;display:inline-block}<\/style>\t\t\t\t\t\t\t\t\t\t<img fetchpriority=\"high\" decoding=\"async\" width=\"1024\" height=\"576\" src=\"https:\/\/baz.pariver.com\/wp-content\/uploads\/2024\/03\/Organigrama-general-2024-v1-para-web-1024x576.png\" class=\"attachment-large size-large wp-image-3300\" alt=\"\" srcset=\"https:\/\/baz.pariver.com\/wp-content\/uploads\/2024\/03\/Organigrama-general-2024-v1-para-web-1024x576.png 1024w, https:\/\/baz.pariver.com\/wp-content\/uploads\/2024\/03\/Organigrama-general-2024-v1-para-web-960x540.png 960w, https:\/\/baz.pariver.com\/wp-content\/uploads\/2024\/03\/Organigrama-general-2024-v1-para-web-300x169.png 300w, https:\/\/baz.pariver.com\/wp-content\/uploads\/2024\/03\/Organigrama-general-2024-v1-para-web-768x432.png 768w, https:\/\/baz.pariver.com\/wp-content\/uploads\/2024\/03\/Organigrama-general-2024-v1-para-web.png 1280w\" sizes=\"(max-width: 1024px) 100vw, 1024px\" \/>\t\t\t\t\t\t\t\t\t\t\t\t\t<\/div>\n\t\t\t\t<\/div>\n\t\t\t\t\t<\/div>\n\t\t\t\t<\/div>\n\t\t<div class=\"elementor-element elementor-element-3f56047 e-flex e-con-boxed wpr-particle-no wpr-jarallax-no wpr-parallax-no wpr-sticky-section-no e-con e-parent\" data-id=\"3f56047\" data-element_type=\"container\">\n\t\t\t\t\t<div class=\"e-con-inner\">\n\t\t\t\t\t<\/div>\n\t\t\t\t<\/div>\n\t\t\t\t<\/div>\n\t\t","protected":false},"excerpt":{"rendered":"<p>Por ser una Fundaci\u00f3n, el Patronato es el \u00f3rgano rector que representa, gobierna y administra el Banco de Alimentos de [&hellip;]<\/p>\n","protected":false},"author":1,"featured_media":0,"parent":0,"menu_order":0,"comment_status":"closed","ping_status":"closed","template":"","meta":{"site-sidebar-layout":"default","site-content-layout":"","ast-site-content-layout":"","site-content-style":"default","site-sidebar-style":"default","ast-global-header-display":"","ast-banner-title-visibility":"","ast-main-header-display":"","ast-hfb-above-header-display":"","ast-hfb-below-header-display":"","ast-hfb-mobile-header-display":"","site-post-title":"","ast-breadcrumbs-content":"","ast-featured-img":"","footer-sml-layout":"","theme-transparent-header-meta":"","adv-header-id-meta":"","stick-header-meta":"","header-above-stick-meta":"","header-main-stick-meta":"","header-below-stick-meta":"","astra-migrate-meta-layouts":"default","ast-page-background-enabled":"default","ast-page-background-meta":{"desktop":{"background-color":"var(--ast-global-color-4)","background-image":"","background-repeat":"repeat","background-position":"center center","background-size":"auto","background-attachment":"scroll","background-type":"","background-media":"","overlay-type":"","overlay-color":"","overlay-gradient":""},"tablet":{"background-color":"","background-image":"","background-repeat":"repeat","background-position":"center center","background-size":"auto","background-attachment":"scroll","background-type":"","background-media":"","overlay-type":"","overlay-color":"","overlay-gradient":""},"mobile":{"background-color":"","background-image":"","background-repeat":"repeat","background-position":"center center","background-size":"auto","background-attachment":"scroll","background-type":"","background-media":"","overlay-type":"","overlay-color":"","overlay-gradient":""}},"ast-content-background-meta":{"desktop":{"background-color":"var(--ast-global-color-5)","background-image":"","background-repeat":"repeat","background-position":"center center","background-size":"auto","background-attachment":"scroll","background-type":"","background-media":"","overlay-type":"","overlay-color":"","overlay-gradient":""},"tablet":{"background-color":"var(--ast-global-color-5)","background-image":"","background-repeat":"repeat","background-position":"center center","background-size":"auto","background-attachment":"scroll","background-type":"","background-media":"","overlay-type":"","overlay-color":"","overlay-gradient":""},"mobile":{"background-color":"var(--ast-global-color-5)","background-image":"","background-repeat":"repeat","background-position":"center center","background-size":"auto","background-attachment":"scroll","background-type":"","background-media":"","overlay-type":"","overlay-color":"","overlay-gradient":""}},"footnotes":""},"class_list":["post-3630","page","type-page","status-publish","hentry"],"yoast_head":"<!-- This site is optimized with the Yoast SEO plugin v22.6 - https:\/\/yoast.com\/wordpress\/plugins\/seo\/ -->\n<title>Organizaci\u00f3n - Fundacion Banco de Alimentos de Zaragoza<\/title>\n<meta name=\"description\" content=\"Descubre c\u00f3mo est\u00e1 estructurado y qui\u00e9nes son los miembros del patronato del Banco de Alimentos de Zaragoza. Conoce el compromiso de nuestros voluntarios y c\u00f3mo trabajamos para ayudar a quienes m\u00e1s lo necesitan en nuestra comunidad. \u00a1\u00danete a nuestra causa solidaria hoy!\" \/>\n<meta name=\"robots\" content=\"index, follow, max-snippet:-1, max-image-preview:large, max-video-preview:-1\" \/>\n<link rel=\"canonical\" href=\"https:\/\/baz.pariver.com\/index.php\/organizacion\/\" \/>\n<meta property=\"og:locale\" content=\"es_ES\" \/>\n<meta property=\"og:type\" content=\"article\" \/>\n<meta property=\"og:title\" content=\"Organizaci\u00f3n - Fundacion Banco de Alimentos de Zaragoza\" \/>\n<meta property=\"og:description\" content=\"Descubre c\u00f3mo est\u00e1 estructurado y qui\u00e9nes son los miembros del patronato del Banco de Alimentos de Zaragoza. Conoce el compromiso de nuestros voluntarios y c\u00f3mo trabajamos para ayudar a quienes m\u00e1s lo necesitan en nuestra comunidad. \u00a1\u00danete a nuestra causa solidaria hoy!\" \/>\n<meta property=\"og:url\" content=\"https:\/\/baz.pariver.com\/index.php\/organizacion\/\" \/>\n<meta property=\"og:site_name\" content=\"Fundacion Banco de Alimentos de Zaragoza\" \/>\n<meta property=\"article:publisher\" content=\"https:\/\/www.facebook.com\/BancoAlimentosZaragoza\" \/>\n<meta property=\"article:modified_time\" content=\"2024-04-25T08:01:34+00:00\" \/>\n<meta property=\"og:image\" content=\"https:\/\/baz.pariver.com\/wp-content\/uploads\/2024\/03\/Organigrama-general-2024-v1-para-web-1024x576.png\" \/>\n<meta name=\"twitter:card\" content=\"summary_large_image\" \/>\n<meta name=\"twitter:site\" content=\"@b_alimentoszgz\" \/>\n<meta name=\"twitter:label1\" content=\"Tiempo de lectura\" \/>\n\t<meta name=\"twitter:data1\" content=\"1 minuto\" \/>\n<script type=\"application\/ld+json\" class=\"yoast-schema-graph\">{\"@context\":\"https:\/\/schema.org\",\"@graph\":[{\"@type\":\"WebPage\",\"@id\":\"https:\/\/baz.pariver.com\/index.php\/organizacion\/\",\"url\":\"https:\/\/baz.pariver.com\/index.php\/organizacion\/\",\"name\":\"Organizaci\u00f3n - Fundacion Banco de Alimentos de Zaragoza\",\"isPartOf\":{\"@id\":\"https:\/\/baz.pariver.com\/#website\"},\"primaryImageOfPage\":{\"@id\":\"https:\/\/baz.pariver.com\/index.php\/organizacion\/#primaryimage\"},\"image\":{\"@id\":\"https:\/\/baz.pariver.com\/index.php\/organizacion\/#primaryimage\"},\"thumbnailUrl\":\"https:\/\/baz.pariver.com\/wp-content\/uploads\/2024\/03\/Organigrama-general-2024-v1-para-web-1024x576.png\",\"datePublished\":\"2024-03-22T12:54:58+00:00\",\"dateModified\":\"2024-04-25T08:01:34+00:00\",\"description\":\"Descubre c\u00f3mo est\u00e1 estructurado y qui\u00e9nes son los miembros del patronato del Banco de Alimentos de Zaragoza. Conoce el compromiso de nuestros voluntarios y c\u00f3mo trabajamos para ayudar a quienes m\u00e1s lo necesitan en nuestra comunidad. \u00a1\u00danete a nuestra causa solidaria hoy!\",\"breadcrumb\":{\"@id\":\"https:\/\/baz.pariver.com\/index.php\/organizacion\/#breadcrumb\"},\"inLanguage\":\"es\",\"potentialAction\":[{\"@type\":\"ReadAction\",\"target\":[\"https:\/\/baz.pariver.com\/index.php\/organizacion\/\"]}]},{\"@type\":\"ImageObject\",\"inLanguage\":\"es\",\"@id\":\"https:\/\/baz.pariver.com\/index.php\/organizacion\/#primaryimage\",\"url\":\"https:\/\/baz.pariver.com\/wp-content\/uploads\/2024\/03\/Organigrama-general-2024-v1-para-web.png\",\"contentUrl\":\"https:\/\/baz.pariver.com\/wp-content\/uploads\/2024\/03\/Organigrama-general-2024-v1-para-web.png\",\"width\":1280,\"height\":720},{\"@type\":\"BreadcrumbList\",\"@id\":\"https:\/\/baz.pariver.com\/index.php\/organizacion\/#breadcrumb\",\"itemListElement\":[{\"@type\":\"ListItem\",\"position\":1,\"name\":\"Portada\",\"item\":\"https:\/\/baz.pariver.com\/\"},{\"@type\":\"ListItem\",\"position\":2,\"name\":\"Organizaci\u00f3n\"}]},{\"@type\":\"WebSite\",\"@id\":\"https:\/\/baz.pariver.com\/#website\",\"url\":\"https:\/\/baz.pariver.com\/\",\"name\":\"Fundacion Banco de Alimentos de Zaragoza\",\"description\":\"Nos hace falta lo que a ti te sobra\",\"publisher\":{\"@id\":\"https:\/\/baz.pariver.com\/#organization\"},\"potentialAction\":[{\"@type\":\"SearchAction\",\"target\":{\"@type\":\"EntryPoint\",\"urlTemplate\":\"https:\/\/baz.pariver.com\/?s={search_term_string}\"},\"query-input\":\"required name=search_term_string\"}],\"inLanguage\":\"es\"},{\"@type\":\"Organization\",\"@id\":\"https:\/\/baz.pariver.com\/#organization\",\"name\":\"Fundacion Banco de Alimentos de Zaragoza\",\"url\":\"https:\/\/baz.pariver.com\/\",\"logo\":{\"@type\":\"ImageObject\",\"inLanguage\":\"es\",\"@id\":\"https:\/\/baz.pariver.com\/#\/schema\/logo\/image\/\",\"url\":\"https:\/\/baz.pariver.com\/wp-content\/uploads\/2024\/04\/banco-alimentos.png\",\"contentUrl\":\"https:\/\/baz.pariver.com\/wp-content\/uploads\/2024\/04\/banco-alimentos.png\",\"width\":303,\"height\":309,\"caption\":\"Fundacion Banco de Alimentos de Zaragoza\"},\"image\":{\"@id\":\"https:\/\/baz.pariver.com\/#\/schema\/logo\/image\/\"},\"sameAs\":[\"https:\/\/www.facebook.com\/BancoAlimentosZaragoza\",\"https:\/\/x.com\/b_alimentoszgz\",\"https:\/\/www.instagram.com\/b_alimentoszgz\/\",\"https:\/\/www.linkedin.com\/company\/fundacin-banco-de-alimentos-de-zaragoza\/\"]}]}<\/script>\n<!-- \/ Yoast SEO plugin. -->","yoast_head_json":{"title":"Organizaci\u00f3n - Fundacion Banco de Alimentos de Zaragoza","description":"Descubre c\u00f3mo est\u00e1 estructurado y qui\u00e9nes son los miembros del patronato del Banco de Alimentos de Zaragoza. Conoce el compromiso de nuestros voluntarios y c\u00f3mo trabajamos para ayudar a quienes m\u00e1s lo necesitan en nuestra comunidad. \u00a1\u00danete a nuestra causa solidaria hoy!","robots":{"index":"index","follow":"follow","max-snippet":"max-snippet:-1","max-image-preview":"max-image-preview:large","max-video-preview":"max-video-preview:-1"},"canonical":"https:\/\/baz.pariver.com\/index.php\/organizacion\/","og_locale":"es_ES","og_type":"article","og_title":"Organizaci\u00f3n - Fundacion Banco de Alimentos de Zaragoza","og_description":"Descubre c\u00f3mo est\u00e1 estructurado y qui\u00e9nes son los miembros del patronato del Banco de Alimentos de Zaragoza. Conoce el compromiso de nuestros voluntarios y c\u00f3mo trabajamos para ayudar a quienes m\u00e1s lo necesitan en nuestra comunidad. \u00a1\u00danete a nuestra causa solidaria hoy!","og_url":"https:\/\/baz.pariver.com\/index.php\/organizacion\/","og_site_name":"Fundacion Banco de Alimentos de Zaragoza","article_publisher":"https:\/\/www.facebook.com\/BancoAlimentosZaragoza","article_modified_time":"2024-04-25T08:01:34+00:00","og_image":[{"url":"https:\/\/baz.pariver.com\/wp-content\/uploads\/2024\/03\/Organigrama-general-2024-v1-para-web-1024x576.png"}],"twitter_card":"summary_large_image","twitter_site":"@b_alimentoszgz","twitter_misc":{"Tiempo de lectura":"1 minuto"},"schema":{"@context":"https:\/\/schema.org","@graph":[{"@type":"WebPage","@id":"https:\/\/baz.pariver.com\/index.php\/organizacion\/","url":"https:\/\/baz.pariver.com\/index.php\/organizacion\/","name":"Organizaci\u00f3n - Fundacion Banco de Alimentos de Zaragoza","isPartOf":{"@id":"https:\/\/baz.pariver.com\/#website"},"primaryImageOfPage":{"@id":"https:\/\/baz.pariver.com\/index.php\/organizacion\/#primaryimage"},"image":{"@id":"https:\/\/baz.pariver.com\/index.php\/organizacion\/#primaryimage"},"thumbnailUrl":"https:\/\/baz.pariver.com\/wp-content\/uploads\/2024\/03\/Organigrama-general-2024-v1-para-web-1024x576.png","datePublished":"2024-03-22T12:54:58+00:00","dateModified":"2024-04-25T08:01:34+00:00","description":"Descubre c\u00f3mo est\u00e1 estructurado y qui\u00e9nes son los miembros del patronato del Banco de Alimentos de Zaragoza. Conoce el compromiso de nuestros voluntarios y c\u00f3mo trabajamos para ayudar a quienes m\u00e1s lo necesitan en nuestra comunidad. \u00a1\u00danete a nuestra causa solidaria hoy!","breadcrumb":{"@id":"https:\/\/baz.pariver.com\/index.php\/organizacion\/#breadcrumb"},"inLanguage":"es","potentialAction":[{"@type":"ReadAction","target":["https:\/\/baz.pariver.com\/index.php\/organizacion\/"]}]},{"@type":"ImageObject","inLanguage":"es","@id":"https:\/\/baz.pariver.com\/index.php\/organizacion\/#primaryimage","url":"https:\/\/baz.pariver.com\/wp-content\/uploads\/2024\/03\/Organigrama-general-2024-v1-para-web.png","contentUrl":"https:\/\/baz.pariver.com\/wp-content\/uploads\/2024\/03\/Organigrama-general-2024-v1-para-web.png","width":1280,"height":720},{"@type":"BreadcrumbList","@id":"https:\/\/baz.pariver.com\/index.php\/organizacion\/#breadcrumb","itemListElement":[{"@type":"ListItem","position":1,"name":"Portada","item":"https:\/\/baz.pariver.com\/"},{"@type":"ListItem","position":2,"name":"Organizaci\u00f3n"}]},{"@type":"WebSite","@id":"https:\/\/baz.pariver.com\/#website","url":"https:\/\/baz.pariver.com\/","name":"Fundacion Banco de Alimentos de Zaragoza","description":"Nos hace falta lo que a ti te sobra","publisher":{"@id":"https:\/\/baz.pariver.com\/#organization"},"potentialAction":[{"@type":"SearchAction","target":{"@type":"EntryPoint","urlTemplate":"https:\/\/baz.pariver.com\/?s={search_term_string}"},"query-input":"required name=search_term_string"}],"inLanguage":"es"},{"@type":"Organization","@id":"https:\/\/baz.pariver.com\/#organization","name":"Fundacion Banco de Alimentos de Zaragoza","url":"https:\/\/baz.pariver.com\/","logo":{"@type":"ImageObject","inLanguage":"es","@id":"https:\/\/baz.pariver.com\/#\/schema\/logo\/image\/","url":"https:\/\/baz.pariver.com\/wp-content\/uploads\/2024\/04\/banco-alimentos.png","contentUrl":"https:\/\/baz.pariver.com\/wp-content\/uploads\/2024\/04\/banco-alimentos.png","width":303,"height":309,"caption":"Fundacion Banco de Alimentos de Zaragoza"},"image":{"@id":"https:\/\/baz.pariver.com\/#\/schema\/logo\/image\/"},"sameAs":["https:\/\/www.facebook.com\/BancoAlimentosZaragoza","https:\/\/x.com\/b_alimentoszgz","https:\/\/www.instagram.com\/b_alimentoszgz\/","https:\/\/www.linkedin.com\/company\/fundacin-banco-de-alimentos-de-zaragoza\/"]}]}},"_links":{"self":[{"href":"https:\/\/baz.pariver.com\/index.php\/wp-json\/wp\/v2\/pages\/3630","targetHints":{"allow":["GET"]}}],"collection":[{"href":"https:\/\/baz.pariver.com\/index.php\/wp-json\/wp\/v2\/pages"}],"about":[{"href":"https:\/\/baz.pariver.com\/index.php\/wp-json\/wp\/v2\/types\/page"}],"author":[{"embeddable":true,"href":"https:\/\/baz.pariver.com\/index.php\/wp-json\/wp\/v2\/users\/1"}],"replies":[{"embeddable":true,"href":"https:\/\/baz.pariver.com\/index.php\/wp-json\/wp\/v2\/comments?post=3630"}],"version-history":[{"count":16,"href":"https:\/\/baz.pariver.com\/index.php\/wp-json\/wp\/v2\/pages\/3630\/revisions"}],"predecessor-version":[{"id":6198,"href":"https:\/\/baz.pariver.com\/index.php\/wp-json\/wp\/v2\/pages\/3630\/revisions\/6198"}],"wp:attachment":[{"href":"https:\/\/baz.pariver.com\/index.php\/wp-json\/wp\/v2\/media?parent=3630"}],"curies":[{"name":"wp","href":"https:\/\/api.w.org\/{rel}","templated":true}]}}