{"id":3,"date":"2024-03-20T16:10:47","date_gmt":"2024-03-20T15:10:47","guid":{"rendered":"https:\/\/baz.pariver.com\/?page_id=3"},"modified":"2024-04-18T11:51:22","modified_gmt":"2024-04-18T09:51:22","slug":"politica-privacidad","status":"publish","type":"page","link":"https:\/\/baz.pariver.com\/index.php\/politica-privacidad\/","title":{"rendered":"Pol\u00edtica de privacidad"},"content":{"rendered":"\t\t<div data-elementor-type=\"wp-page\" data-elementor-id=\"3\" class=\"elementor elementor-3\" data-elementor-post-type=\"page\">\n\t\t\t\t<div class=\"elementor-element elementor-element-26cb4e3a e-flex e-con-boxed wpr-particle-no wpr-jarallax-no wpr-parallax-no wpr-sticky-section-no e-con e-parent\" data-id=\"26cb4e3a\" data-element_type=\"container\">\n\t\t\t\t\t<div class=\"e-con-inner\">\n\t\t\t\t<div class=\"elementor-element elementor-element-f3d67ec elementor-widget elementor-widget-text-editor\" data-id=\"f3d67ec\" data-element_type=\"widget\" data-widget_type=\"text-editor.default\">\n\t\t\t\t<div class=\"elementor-widget-container\">\n\t\t\t<style>\/*! elementor - v3.21.0 - 08-05-2024 *\/\n.elementor-widget-text-editor.elementor-drop-cap-view-stacked .elementor-drop-cap{background-color:#69727d;color:#fff}.elementor-widget-text-editor.elementor-drop-cap-view-framed .elementor-drop-cap{color:#69727d;border:3px solid;background-color:transparent}.elementor-widget-text-editor:not(.elementor-drop-cap-view-default) .elementor-drop-cap{margin-top:8px}.elementor-widget-text-editor:not(.elementor-drop-cap-view-default) .elementor-drop-cap-letter{width:1em;height:1em}.elementor-widget-text-editor .elementor-drop-cap{float:left;text-align:center;line-height:1;font-size:50px}.elementor-widget-text-editor .elementor-drop-cap-letter{display:inline-block}<\/style>\t\t\t\t<h3>1. Informaci\u00f3n Corporativa<\/h3>\n<p>En cumplimiento de la Ley 34\/2002, de 11 de julio, de servicios de la sociedad de la informaci\u00f3n y de comercio electr\u00f3nico, la <strong>Fundaci\u00f3n Banco de Alimentos de Zaragoza<\/strong> (en adelante BA.ZARAGOZA) le informa que es titular del sitio web <a href=\"https:\/\/bancodealimentosdezaragoza.es\/\" target=\"_new\">bancodealimentosdezaragoza.es<\/a>. De acuerdo con lo dispuesto en el art\u00edculo 10 de dicha Ley, a continuaci\u00f3n se detallan los siguientes datos:<\/p>\n<ul>\n<li>NIF\/CIF: G50597632<\/li>\n<li>Registro de Asociaciones de Arag\u00f3n N\u00ba 137<\/li>\n<li>Domicilio social: Carretera Gogullada, 65, Mercazaragoza. C\u00f3digo Postal: 50014. Localidad: Zaragoza. Provincia: Zaragoza.<\/li>\n<li>Correo electr\u00f3nico de contacto: <a target=\"_new\">administracion@bazgz.es<\/a>.<\/li>\n<\/ul>\n<h3>2. Usuario y R\u00e9gimen de Responsabilidades<\/h3>\n<p>La navegaci\u00f3n por el sitio web de BA.ZARAGOZA otorga la Condici\u00f3n de Usuario, quien acepta todas las condiciones de uso establecidas. Si no est\u00e1 de acuerdo con las condiciones de este aviso legal, se ruega no hacer uso del portal, ya que cualquier uso implicar\u00e1 la aceptaci\u00f3n de los t\u00e9rminos legales.<\/p>\n<p>La p\u00e1gina web de BA.ZARAGOZA proporciona una variedad de informaci\u00f3n, servicios y datos. El usuario asume la responsabilidad en el uso correcto de los mismos y se compromete a no utilizarlos con fines il\u00edcitos.<\/p>\n<h3>3. Pol\u00edtica de Enlaces y Exenciones de Responsabilidad<\/h3>\n<p>BA.ZARAGOZA no se hace responsable del contenido de las p\u00e1ginas web a las que pueda acceder el usuario a trav\u00e9s de los enlaces establecidos en sus sitios web, ni garantiza la disponibilidad t\u00e9cnica, exactitud, veracidad, validez o legalidad de dichas p\u00e1ginas.<\/p>\n<p>La entidad declara haber adoptado todas las medidas necesarias para evitar cualquier da\u00f1o derivado de la navegaci\u00f3n por su p\u00e1gina web, pero no se responsabiliza de los da\u00f1os o perjuicios producidos en el usuario que puedan surgir por fallos en las redes de telecomunicaciones.<\/p>\n<h3>4. Publicidad<\/h3>\n<p>El sitio web <a href=\"https:\/\/bancodealimentosdezaragoza.es\/\" target=\"_new\">bancodealimentosdezaragoza.es<\/a> puede alojar contenidos publicitarios o patrocinados. Los anunciantes o patrocinadores son responsables de garantizar que el material cumpla con las leyes aplicables. BA.ZARAGOZA no ser\u00e1 responsable de errores o inexactitudes en dichos contenidos.<\/p>\n<h3>5. Modificaciones<\/h3>\n<p>BA.ZARAGOZA se reserva el derecho de realizar modificaciones en el contenido de su sitio web, as\u00ed como en sus condiciones de uso o condiciones generales de contrataci\u00f3n, sin previo aviso. Estas modificaciones ser\u00e1n de obligado cumplimiento mientras est\u00e9n publicadas en la web.<\/p>\n<h3>6. Propiedad Intelectual<\/h3>\n<p>Los derechos de propiedad intelectual e industrial derivados del contenido de las p\u00e1ginas web de BA.ZARAGOZA pertenecen a la entidad. Queda prohibida la reproducci\u00f3n, distribuci\u00f3n o comunicaci\u00f3n p\u00fablica de dichos contenidos sin el consentimiento expreso de BA.ZARAGOZA.<\/p>\n<h3>7. Certificados de LSSI-CE y Protecci\u00f3n de Datos<\/h3>\n<p>BA.ZARAGOZA ha sido asesorada en materia de protecci\u00f3n de datos y LSSICE por GRUPO QUALIA y posee certificados que garantizan su adecuaci\u00f3n a las normativas vigentes.<\/p>\n<h3>8. Acciones Legales, Legislaci\u00f3n Aplicable y Jurisdicci\u00f3n<\/h3>\n<p>La relaci\u00f3n entre el usuario y BA.ZARAGOZA se regir\u00e1 por la normativa espa\u00f1ola, y cualquier controversia ser\u00e1 competencia de los juzgados o tribunales de Zaragoza.<\/p>\n<h3>9. Reserva de Cookies<\/h3>\n<p>BA.ZARAGOZA se reserva el derecho de utilizar cookies en sus sitios web para mejorar la experiencia de navegaci\u00f3n del usuario. El usuario puede aceptar o rechazar expl\u00edcitamente el uso de cookies y obtener m\u00e1s informaci\u00f3n al respecto.<\/p>\n<h3>10. Protecci\u00f3n de Datos Personales<\/h3>\n<p>BA.ZARAGOZA cumple con la normativa de protecci\u00f3n de datos y garantiza la confidencialidad de los datos recabados a trav\u00e9s de sus formularios web. Los usuarios tienen derecho a acceder, rectificar, oponerse o suprimir sus datos personales.<\/p>\t\t\t\t\t\t<\/div>\n\t\t\t\t<\/div>\n\t\t\t\t\t<\/div>\n\t\t\t\t<\/div>\n\t\t\t\t<\/div>\n\t\t","protected":false},"excerpt":{"rendered":"<p>1. Informaci\u00f3n Corporativa En cumplimiento de la Ley 34\/2002, de 11 de julio, de servicios de la sociedad de la [&hellip;]<\/p>\n","protected":false},"author":1,"featured_media":0,"parent":0,"menu_order":0,"comment_status":"closed","ping_status":"open","template":"","meta":{"site-sidebar-layout":"default","site-content-layout":"","ast-site-content-layout":"","site-content-style":"default","site-sidebar-style":"default","ast-global-header-display":"","ast-banner-title-visibility":"","ast-main-header-display":"","ast-hfb-above-header-display":"","ast-hfb-below-header-display":"","ast-hfb-mobile-header-display":"","site-post-title":"","ast-breadcrumbs-content":"","ast-featured-img":"","footer-sml-layout":"","theme-transparent-header-meta":"","adv-header-id-meta":"","stick-header-meta":"","header-above-stick-meta":"","header-main-stick-meta":"","header-below-stick-meta":"","astra-migrate-meta-layouts":"default","ast-page-background-enabled":"default","ast-page-background-meta":{"desktop":{"background-color":"var(--ast-global-color-4)","background-image":"","background-repeat":"repeat","background-position":"center center","background-size":"auto","background-attachment":"scroll","background-type":"","background-media":"","overlay-type":"","overlay-color":"","overlay-gradient":""},"tablet":{"background-color":"","background-image":"","background-repeat":"repeat","background-position":"center center","background-size":"auto","background-attachment":"scroll","background-type":"","background-media":"","overlay-type":"","overlay-color":"","overlay-gradient":""},"mobile":{"background-color":"","background-image":"","background-repeat":"repeat","background-position":"center center","background-size":"auto","background-attachment":"scroll","background-type":"","background-media":"","overlay-type":"","overlay-color":"","overlay-gradient":""}},"ast-content-background-meta":{"desktop":{"background-color":"var(--ast-global-color-5)","background-image":"","background-repeat":"repeat","background-position":"center center","background-size":"auto","background-attachment":"scroll","background-type":"","background-media":"","overlay-type":"","overlay-color":"","overlay-gradient":""},"tablet":{"background-color":"var(--ast-global-color-5)","background-image":"","background-repeat":"repeat","background-position":"center center","background-size":"auto","background-attachment":"scroll","background-type":"","background-media":"","overlay-type":"","overlay-color":"","overlay-gradient":""},"mobile":{"background-color":"var(--ast-global-color-5)","background-image":"","background-repeat":"repeat","background-position":"center center","background-size":"auto","background-attachment":"scroll","background-type":"","background-media":"","overlay-type":"","overlay-color":"","overlay-gradient":""}},"footnotes":""},"class_list":["post-3","page","type-page","status-publish","hentry"],"yoast_head":"<!-- This site is optimized with the Yoast SEO plugin v22.6 - https:\/\/yoast.com\/wordpress\/plugins\/seo\/ -->\n<title>Pol\u00edtica de privacidad - Fundacion Banco de Alimentos de Zaragoza<\/title>\n<meta name=\"robots\" content=\"index, follow, max-snippet:-1, max-image-preview:large, max-video-preview:-1\" \/>\n<link rel=\"canonical\" href=\"https:\/\/baz.pariver.com\/index.php\/politica-privacidad\/\" \/>\n<meta property=\"og:locale\" content=\"es_ES\" \/>\n<meta property=\"og:type\" content=\"article\" \/>\n<meta property=\"og:title\" content=\"Pol\u00edtica de privacidad - Fundacion Banco de Alimentos de Zaragoza\" \/>\n<meta property=\"og:description\" content=\"1. Informaci\u00f3n Corporativa En cumplimiento de la Ley 34\/2002, de 11 de julio, de servicios de la sociedad de la [&hellip;]\" \/>\n<meta property=\"og:url\" content=\"https:\/\/baz.pariver.com\/index.php\/politica-privacidad\/\" \/>\n<meta property=\"og:site_name\" content=\"Fundacion Banco de Alimentos de Zaragoza\" \/>\n<meta property=\"article:publisher\" content=\"https:\/\/www.facebook.com\/BancoAlimentosZaragoza\" \/>\n<meta property=\"article:modified_time\" content=\"2024-04-18T09:51:22+00:00\" \/>\n<meta name=\"twitter:card\" content=\"summary_large_image\" \/>\n<meta name=\"twitter:site\" content=\"@b_alimentoszgz\" \/>\n<meta name=\"twitter:label1\" content=\"Tiempo de lectura\" \/>\n\t<meta name=\"twitter:data1\" content=\"3 minutos\" \/>\n<script type=\"application\/ld+json\" class=\"yoast-schema-graph\">{\"@context\":\"https:\/\/schema.org\",\"@graph\":[{\"@type\":\"WebPage\",\"@id\":\"https:\/\/baz.pariver.com\/index.php\/politica-privacidad\/\",\"url\":\"https:\/\/baz.pariver.com\/index.php\/politica-privacidad\/\",\"name\":\"Pol\u00edtica de privacidad - Fundacion Banco de Alimentos de Zaragoza\",\"isPartOf\":{\"@id\":\"https:\/\/baz.pariver.com\/#website\"},\"datePublished\":\"2024-03-20T15:10:47+00:00\",\"dateModified\":\"2024-04-18T09:51:22+00:00\",\"breadcrumb\":{\"@id\":\"https:\/\/baz.pariver.com\/index.php\/politica-privacidad\/#breadcrumb\"},\"inLanguage\":\"es\",\"potentialAction\":[{\"@type\":\"ReadAction\",\"target\":[\"https:\/\/baz.pariver.com\/index.php\/politica-privacidad\/\"]}]},{\"@type\":\"BreadcrumbList\",\"@id\":\"https:\/\/baz.pariver.com\/index.php\/politica-privacidad\/#breadcrumb\",\"itemListElement\":[{\"@type\":\"ListItem\",\"position\":1,\"name\":\"Portada\",\"item\":\"https:\/\/baz.pariver.com\/\"},{\"@type\":\"ListItem\",\"position\":2,\"name\":\"Pol\u00edtica de privacidad\"}]},{\"@type\":\"WebSite\",\"@id\":\"https:\/\/baz.pariver.com\/#website\",\"url\":\"https:\/\/baz.pariver.com\/\",\"name\":\"Fundacion Banco de Alimentos de Zaragoza\",\"description\":\"Nos hace falta lo que a ti te sobra\",\"publisher\":{\"@id\":\"https:\/\/baz.pariver.com\/#organization\"},\"potentialAction\":[{\"@type\":\"SearchAction\",\"target\":{\"@type\":\"EntryPoint\",\"urlTemplate\":\"https:\/\/baz.pariver.com\/?s={search_term_string}\"},\"query-input\":\"required name=search_term_string\"}],\"inLanguage\":\"es\"},{\"@type\":\"Organization\",\"@id\":\"https:\/\/baz.pariver.com\/#organization\",\"name\":\"Fundacion Banco de Alimentos de Zaragoza\",\"url\":\"https:\/\/baz.pariver.com\/\",\"logo\":{\"@type\":\"ImageObject\",\"inLanguage\":\"es\",\"@id\":\"https:\/\/baz.pariver.com\/#\/schema\/logo\/image\/\",\"url\":\"https:\/\/baz.pariver.com\/wp-content\/uploads\/2024\/04\/banco-alimentos.png\",\"contentUrl\":\"https:\/\/baz.pariver.com\/wp-content\/uploads\/2024\/04\/banco-alimentos.png\",\"width\":303,\"height\":309,\"caption\":\"Fundacion Banco de Alimentos de Zaragoza\"},\"image\":{\"@id\":\"https:\/\/baz.pariver.com\/#\/schema\/logo\/image\/\"},\"sameAs\":[\"https:\/\/www.facebook.com\/BancoAlimentosZaragoza\",\"https:\/\/x.com\/b_alimentoszgz\",\"https:\/\/www.instagram.com\/b_alimentoszgz\/\",\"https:\/\/www.linkedin.com\/company\/fundacin-banco-de-alimentos-de-zaragoza\/\"]}]}<\/script>\n<!-- \/ Yoast SEO plugin. -->","yoast_head_json":{"title":"Pol\u00edtica de privacidad - Fundacion Banco de Alimentos de Zaragoza","robots":{"index":"index","follow":"follow","max-snippet":"max-snippet:-1","max-image-preview":"max-image-preview:large","max-video-preview":"max-video-preview:-1"},"canonical":"https:\/\/baz.pariver.com\/index.php\/politica-privacidad\/","og_locale":"es_ES","og_type":"article","og_title":"Pol\u00edtica de privacidad - Fundacion Banco de Alimentos de Zaragoza","og_description":"1. Informaci\u00f3n Corporativa En cumplimiento de la Ley 34\/2002, de 11 de julio, de servicios de la sociedad de la [&hellip;]","og_url":"https:\/\/baz.pariver.com\/index.php\/politica-privacidad\/","og_site_name":"Fundacion Banco de Alimentos de Zaragoza","article_publisher":"https:\/\/www.facebook.com\/BancoAlimentosZaragoza","article_modified_time":"2024-04-18T09:51:22+00:00","twitter_card":"summary_large_image","twitter_site":"@b_alimentoszgz","twitter_misc":{"Tiempo de lectura":"3 minutos"},"schema":{"@context":"https:\/\/schema.org","@graph":[{"@type":"WebPage","@id":"https:\/\/baz.pariver.com\/index.php\/politica-privacidad\/","url":"https:\/\/baz.pariver.com\/index.php\/politica-privacidad\/","name":"Pol\u00edtica de privacidad - Fundacion Banco de Alimentos de Zaragoza","isPartOf":{"@id":"https:\/\/baz.pariver.com\/#website"},"datePublished":"2024-03-20T15:10:47+00:00","dateModified":"2024-04-18T09:51:22+00:00","breadcrumb":{"@id":"https:\/\/baz.pariver.com\/index.php\/politica-privacidad\/#breadcrumb"},"inLanguage":"es","potentialAction":[{"@type":"ReadAction","target":["https:\/\/baz.pariver.com\/index.php\/politica-privacidad\/"]}]},{"@type":"BreadcrumbList","@id":"https:\/\/baz.pariver.com\/index.php\/politica-privacidad\/#breadcrumb","itemListElement":[{"@type":"ListItem","position":1,"name":"Portada","item":"https:\/\/baz.pariver.com\/"},{"@type":"ListItem","position":2,"name":"Pol\u00edtica de privacidad"}]},{"@type":"WebSite","@id":"https:\/\/baz.pariver.com\/#website","url":"https:\/\/baz.pariver.com\/","name":"Fundacion Banco de Alimentos de Zaragoza","description":"Nos hace falta lo que a ti te sobra","publisher":{"@id":"https:\/\/baz.pariver.com\/#organization"},"potentialAction":[{"@type":"SearchAction","target":{"@type":"EntryPoint","urlTemplate":"https:\/\/baz.pariver.com\/?s={search_term_string}"},"query-input":"required name=search_term_string"}],"inLanguage":"es"},{"@type":"Organization","@id":"https:\/\/baz.pariver.com\/#organization","name":"Fundacion Banco de Alimentos de Zaragoza","url":"https:\/\/baz.pariver.com\/","logo":{"@type":"ImageObject","inLanguage":"es","@id":"https:\/\/baz.pariver.com\/#\/schema\/logo\/image\/","url":"https:\/\/baz.pariver.com\/wp-content\/uploads\/2024\/04\/banco-alimentos.png","contentUrl":"https:\/\/baz.pariver.com\/wp-content\/uploads\/2024\/04\/banco-alimentos.png","width":303,"height":309,"caption":"Fundacion Banco de Alimentos de Zaragoza"},"image":{"@id":"https:\/\/baz.pariver.com\/#\/schema\/logo\/image\/"},"sameAs":["https:\/\/www.facebook.com\/BancoAlimentosZaragoza","https:\/\/x.com\/b_alimentoszgz","https:\/\/www.instagram.com\/b_alimentoszgz\/","https:\/\/www.linkedin.com\/company\/fundacin-banco-de-alimentos-de-zaragoza\/"]}]}},"_links":{"self":[{"href":"https:\/\/baz.pariver.com\/index.php\/wp-json\/wp\/v2\/pages\/3","targetHints":{"allow":["GET"]}}],"collection":[{"href":"https:\/\/baz.pariver.com\/index.php\/wp-json\/wp\/v2\/pages"}],"about":[{"href":"https:\/\/baz.pariver.com\/index.php\/wp-json\/wp\/v2\/types\/page"}],"author":[{"embeddable":true,"href":"https:\/\/baz.pariver.com\/index.php\/wp-json\/wp\/v2\/users\/1"}],"replies":[{"embeddable":true,"href":"https:\/\/baz.pariver.com\/index.php\/wp-json\/wp\/v2\/comments?post=3"}],"version-history":[{"count":6,"href":"https:\/\/baz.pariver.com\/index.php\/wp-json\/wp\/v2\/pages\/3\/revisions"}],"predecessor-version":[{"id":6056,"href":"https:\/\/baz.pariver.com\/index.php\/wp-json\/wp\/v2\/pages\/3\/revisions\/6056"}],"wp:attachment":[{"href":"https:\/\/baz.pariver.com\/index.php\/wp-json\/wp\/v2\/media?parent=3"}],"curies":[{"name":"wp","href":"https:\/\/api.w.org\/{rel}","templated":true}]}}